
Suppose 35 = -4*u - 5. Let x = u + 36. What is the highest common factor of 39 and x?
13
Let s = 43 + -29. Let q(i) = -9*i - 160. Let n be q(-18). Calculate the highest common factor of n and s.
2
Let s(k) = -10*k - 3. Let j be s(-3). Suppose j = y - 18. Calculate the highest common divisor of y and 30.
15
Let n be 2 - 0/(-2 + 6). Calculate the highest common divisor of 10 and n.
2
Suppose -235 = -3*t - 88. Calculate the highest common divisor of t and 7.
7
Let i = -213 - -473. Let o(g) = g + 12. Let z be o(-7). Suppose -i = -z*p + p. What is the greatest common divisor of p and 13?
13
Suppose -9*i + 5*i + 32 = 0. Calculate the greatest common divisor of 48 and i.
8
Suppose -3*o + 0 = -2*l + 93, o - 97 = -2*l. What is the highest common factor of 6 and l?
6
Let n = -27 + 99. Suppose 2*f - 7*f + 5 = 0, f - 13 = 4*p. Let s(v) = -4*v - 3. Let a be s(p). What is the greatest common factor of n and a?
9
Suppose 2*f - 5 = 9. Let j(u) = 4*u**2 - 3*u - 8. Let x be j(5). What is the greatest common divisor of x and f?
7
Let v = -40 - -60. Suppose -2*z = 2*z - v. Let p be -1*3*(-4)/6. What is the greatest common factor of z and p?
1
Let k be (0 - 3)*(-161)/21 + 3. Calculate the greatest common divisor of k and 104.
26
Let l(p) = -7 + 2*p**2 + 4*p + 9*p - 4*p. Let t be l(-7). Calculate the highest common factor of 4 and t.
4
Let o(p) = -3*p - 9. Let u be o(-6). Suppose 3 = m - u. Let c be (2/(-4))/((-6)/432). Calculate the greatest common divisor of m and c.
12
Let l(d) = -2 - 2*d + 3*d**2 + 4*d - 4*d**2. Let x be l(3). Let o(q) = 5*q**2 + 3*q + 7. Let f be o(x). Calculate the highest common factor of f and 13.
13
Let n = -6 - -10. Suppose -n*j - y + 1 = -j, 5*y = -j - 23. What is the greatest common divisor of 3 and j?
1
Let t(q) = -2*q - 11. Let v(w) = -2*w - 12. Let i(d) = -7*t(d) + 6*v(d). Let u be i(5). Let r = u + -6. Calculate the greatest common divisor of 36 and r.
9
Suppose -4*m - 3*w = 2*w - 80, 16 = -4*w. What is the highest common factor of m and 5?
5
Let j be (-120)/(-18)*108/5. Calculate the greatest common divisor of 9 and j.
9
Let t = 12 - 10. Let i be t*(-3)/((-6)/20). What is the highest common factor of i and 50?
10
Suppose -3*f + 4*o + 0*o + 164 = 0, -o + 4 = 0. What is the highest common factor of 12 and f?
12
Let z be (-18)/8*(-1 + -3). Suppose j - 4*m + 36 = 3*j, j - 21 = -3*m. Let w be 1192/j + 4/(-12). Calculate the highest common factor of z and w.
9
Let b = 15 + -10. Let r(j) = -2*j - 1. Let l be r(-2). Suppose z - l*u - 39 = u, 5*z - 170 = -5*u. Calculate the highest common divisor of z and b.
5
Suppose -g + 300 = g. What is the greatest common divisor of 60 and g?
30
Let u = -9 - -16. What is the highest common divisor of 28 and u?
7
Let h(a) = 8*a**3 + a**2 - 2*a. Let m be h(2). Suppose 3*y + m = 5*u, 2*y - 16 - 11 = -3*u. What is the greatest common factor of 55 and u?
11
Let q(a) = a**3 + 11*a**2 - 3*a - 10. Let p be q(-11). Calculate the highest common divisor of 92 and p.
23
Let z = 47 - 17. Suppose 0 = v - 26 + 6. Suppose 2*l + v = 4*l. What is the greatest common divisor of z and l?
10
Suppose 4*u + 0*u - 20 = 0. Suppose 2*s - 2*a - 225 = -u*a, 3*s - 333 = -3*a. What is the greatest common divisor of s and 12?
12
Suppose 0 = -m + 7 + 1. Let b be 3 + 0 - 1 - -30. Calculate the highest common factor of m and b.
8
Suppose -3*m + 79 = -218. Suppose 33 = 11*s - 8*s. What is the highest common factor of s and m?
11
Let t = 33 - 21. Let v(z) = z + 3. Let i be v(-3). Let p be 6 + (-2 - i) + 0. What is the greatest common divisor of t and p?
4
Let p(f) = -f**2 + 5*f - 1. Let l = 15 - 11. Let r be p(l). Let v(b) = -b**2 + 5*b - 4. Let a be v(3). What is the highest common factor of a and r?
1
Suppose 5*x = 10 + 10. Let g = x - 30. Let u be (g/(-4))/(5/10). What is the greatest common divisor of u and 78?
13
Let g be (7 + 29)*(-2)/(-2 + -2). Calculate the greatest common divisor of g and 54.
18
Let k(r) = -r - 1. Let d = 1 + -4. Let c be k(d). Calculate the greatest common factor of 22 and c.
2
Let c = -108 + 251. What is the greatest common factor of c and 13?
13
Let h(k) = k**2 - k + 4. Let o be h(-6). Let g = -127 - -265. Let p = 253 - g. Calculate the greatest common divisor of p and o.
23
Let j(u) = u**3 - 12*u**2 + 2*u + 6. Let o be j(12). Let p(t) = t**3 + 4*t**2 - 5*t - 5. Let h be p(-4). What is the greatest common factor of o and h?
15
Let o = 120 + -24. Suppose -5*u = -3*b + 2, -b + 2 = 3*u - 2*b. Suppose 2*c - u*j = 34, 3*c - 5*j - 38 = 23. Calculate the greatest common factor of o and c.
12
Let o(w) = -w**3 + 5*w**2 + 7*w. Let m be o(6). Suppose -5*z = -0*z - 10. Suppose g - l = -3*l + 13, -2*l = z. Calculate the greatest common factor of m and g.
3
Let j = -13 - -14. Let z(n) = 3*n. Let v be z(1). What is the greatest common divisor of v and j?
1
Let t(v) = v**2 - v - 1. Let z be t(-2). Suppose z*h + 2 = 22. Suppose 2*l - 18 = -h*a, 0*l + 3*a = -l + 8. What is the greatest common divisor of l and 22?
11
Let r be 20*(16/(-10) - -2). Let b(h) = 8*h**2 + 1 - h - 4 + 2. Let g be b(-1). What is the highest common factor of g and r?
8
Suppose 0 = 2*s - 0*s - 2*l - 22, 18 = 2*s - l. What is the highest common factor of s and 77?
7
Suppose 15*t = 12*t + 234. Calculate the highest common factor of 26 and t.
26
Let q(v) = -31*v - 3. Let f be q(-3). Calculate the highest common factor of f and 36.
18
Let g = -35 - -49. Suppose -5*h = -3*h - g. Calculate the highest common divisor of 28 and h.
7
Let h = -5 + 8. Suppose 2*c + 9 = -93. Let m = c + 72. What is the greatest common divisor of m and h?
3
Let x(h) = 2*h. Let o be x(4). Let n(v) = -12*v - 44. Let m be n(-11). What is the greatest common factor of m and o?
8
Suppose 5*o - 8*o + 27 = 0. Calculate the highest common divisor of 9 and o.
9
Suppose -7*w + 4*w + 117 = 0. What is the highest common factor of w and 65?
13
Suppose 0*d + 2*d = 6. Suppose 0 = 5*x - x. Suppose -r + 3*r - 12 = x. What is the highest common factor of r and d?
3
Suppose 0 = z - 15 + 3. Let m be (2/4 - 1)*-72. What is the greatest common divisor of z and m?
12
Let c(p) = -p + 1. Let u be c(1). Suppose 0*t + 6 = 3*t, u = o - 5*t + 2. Let g = o - -4. What is the highest common divisor of 132 and g?
12
Let f = 692 + -1259. Let r = -336 - f. Calculate the greatest common divisor of 21 and r.
21
Let s(l) = -2*l + 2. Let a be s(5). Let q = 13 + a. What is the highest common divisor of 5 and q?
5
Let d = -2 - -6. Let y be (-8)/d - (-4 + -1). Suppose 0 = 2*s - y*l - 21, -2*l = 3*s - l - 4. Calculate the highest common divisor of 12 and s.
3
Suppose -4*h + 11 - 7 = 0. Let k be (11*-11)/h*-1. What is the greatest common factor of 11 and k?
11
Let n = -2 + 4. Let j(d) = 14*d**2 - 1. Let c be j(n). Suppose 0 = -4*k - c + 195. What is the greatest common divisor of 7 and k?
7
Let n be (-6 - 3)*(-1)/9. Calculate the greatest common factor of n and 9.
1
Let c = -149 - -270. Calculate the highest common factor of 11 and c.
11
Let p be (2/6)/((2/(-39))/(-2)). Calculate the highest common factor of 143 and p.
13
Let y = 30 - -5. What is the highest common divisor of y and 140?
35
Let f = -8 - -13. Suppose -f*x = -9*x + 736. What is the greatest common factor of 23 and x?
23
Suppose -3*l - 118 = -2*y, -l = y + l - 73. What is the greatest common factor of 26 and y?
13
Let c = -12 + 23. Suppose 4*q - q - 165 = 0. Calculate the greatest common divisor of c and q.
11
Let c be 3*23/12 + (-1)/(-4). Calculate the highest common factor of c and 12.
6
Suppose -j = -3*j. Suppose j = 5*h + 4*z - 88, h - 3*h - 5*z + 42 = 0. What is the greatest common factor of 16 and h?
16
Let q(g) = -g**3 - 5*g**2 - 3*g - 1. Let c = -4 + -1. Let z be q(c). Suppose 7*a - 490 = 2*a. Calculate the highest common divisor of a and z.
14
Suppose o - 10 = -2*v, 0*o = -3*v + 2*o + 29. Calculate the highest common factor of 21 and v.
7
Let t be 4/(-6) - 78/(-9). Let s = t + -5. Calculate the highest common factor of s and 1.
1
Let o = -6 - -7. Let f(d) = -19*d**2 - 1. Let y be f(o). Let a be (-128)/y - 2/5. What is the highest common factor of a and 30?
6
Suppose d - 60 = -2*d. Calculate the highest common factor of 8 and d.
4
Let p(h) = -5*h**3 - 2*h. Let y be p(2). Let w = y - -68. Calculate the greatest common divisor of w and 192.
24
Let k(a) =